ite number?
True
Is 364393 a prime number?
True
Is 4712933 prime?
True
Is 76221967 a prime number?
True
Is 17156831 a prime number?
True
Is 72945451 prime?
True
Is 70787965 a prime number?
False
Is 1345819 prime?
False
Is 68203957 prime?
True
Is 25393061 a prime number?
False
Is 4972147 a composite number?
False
Is 79401235 a prime number?
False
Is 90615011 a composite number?
False
Is 345490409 composite?
True
Is 8953423 prime?
True
Is 913571 composite?
False
Is 2517401 a prime number?
True
Is 96980069 prime?
True
Is 6288559 a composite number?
False
Is 13814507 a prime number?
False
Is 226611997 a composite number?
True
Is 8036137 composite?
False
Is 592874 prime?
False
Is 376117 composite?
True
Is 62185463 composite?
False
Is 40567291 a composite number?
False
Is 52193237 prime?
False
Is 5019739 a prime number?
False
Is 77146921 composite?
True
Is 8819423 a composite number?
False
Is 1191163 prime?
True
Is 208444241 a prime number?
True
Is 89927363 a composite number?
False
Is 422251883 a composite number?
False
Is 9806267 composite?
True
Is 6924629 a prime number?
True
Is 33100417 prime?
False
Is 32276473 a composite number?
True
Is 3636817 a prime number?
False
Is 14144161 prime?
True
Is 9947923 composite?
False
Is 389819899 prime?
False
Is 655847 composite?
False
Is 178180673 composite?
True
Is 16576657 composite?
True
Is 1203163 a prime number?
False
Is 52231451 a prime number?
True
Is 110251579 a prime number?
False
Is 4125799 composite?
True
Is 147179 a composite number?
False
Is 6123119 composite?
True
Is 1963241 a composite number?
True
Is 319168357 a composite number?
True
Is 3346237 a prime number?
True
Is 319054277 a prime number?
True
Is 8366563 prime?
False
Is 1571506 composite?
True
Is 843549337 a prime number?
False
Is 1768799 a composite number?
True
Is 7521977 a composite number?
False
Is 467574479 prime?
False
Is 1085529019 prime?
True
Is 171823 a prime number?
True
Is 3956401 composite?
False
Is 370699729 prime?
False
Is 133839037 a prime number?
False
Is 60111479 prime?
True
Is 885657 composite?
True
Is 87860993 composite?
True
Is 322177 a composite number?
True
Is 85181413 a composite number?
False
Is 582143 prime?
False
Is 43977823 prime?
True
Is 142806985 composite?
True
Is 1434887 prime?
True
Is 138492527 composite?
False
Is 13984811 a prime number?
False
Is 3245267 composite?
False
Is 338687 prime?
True
Is 25298989 a prime number?
False
Is 7879393 composite?
False
Is 8832881 prime?
True
Is 47655833 a prime number?
True
Is 56387489 prime?
True
Is 18317631 a composite number?
True
Is 128883829 composite?
False
Is 60247441 a prime number?
False
Is 5746627 prime?
False
Is 519067 prime?
True
Is 196955191 a prime number?
True
Is 31136935 prime?
False
Is 258386597 a composite number?
True
Is 13671041 a prime number?
True
Is 105723635 a composite number?
True
Is 2384647 a composite number?
False
Is 16474663 a prime number?
True
Is 45181423 composite?
True
Is 20594857 a prime number?
True
Is 24000559 composite?
True
Is 10891945 prime?
False
Is 5296927 composite?
False
Is 191777027 prime?
False
Is 86754329 prime?
False
Is 3078043 a prime number?
True
Is 227453 a prime number?
True
Is 5828313 prime?
False
Is 760352759 a prime number?
False
Is 5621773 a composite number?
True
Is 382427 a prime number?
True
Is 19537483 composite?
True
Is 23281491 a prime number?
False
Is 5159839 a prime number?
True
Is 889411 a prime number?
True
Is 1946951 a composite number?
True
Is 40485443 prime?
False
Is 310861 composite?
False
Is 513265 a prime number?
False
Is 4663193 prime?
False
Is 7192643 prime?
True
Is 600665327 prime?
True
Is 5604901 composite?
False
Is 13573249 a prime number?
True
Is 205470049 composite?
False
Is 97631161 a composite number?
False
Is 89632927 composite?
False
Is 37517 composite?
False
Is 7236703 a prime number?
True
Is 22742969 prime?
True
Is 203269603 a prime number?
True
Is 1891151 composite?
True
Is 2082937 a composite number?
True
Is 41962 prime?
False
Is 47963977 a composite number?
False
Is 4202579 prime?
True
Is 18004342 a prime number?
False
Is 6107999 composite?
False
Is 317215579 prime?
True
Is 83233369 composite?
False
Is 1204673 a prime number?
False
Is 549058222 a composite number?
True
Is 58204483 prime?
True
Is 1427141 prime?
True
Is 1097167 a composite number?
True
Is 6742981 prime?
False
Is 52582691 composite?
True
Is 26007887 a prime number?
True
Is 56549981 composite?
False
Is 6938647 prime?
False
Is 5200567 composite?
False
Is 156976933 a composite number?
True
Is 182111 a prime number?
True
Is 13501387 a composite number?
False
Is 404077393 composite?
False
Is 62016287 prime?
False
Is 3571681 composite?
False
Is 1223863 a prime number?
True
Is 3093722 composite?
True
Is 365486531 a prime number?
True
Is 48596351 composite?
True
Is 10196513 prime?
True
Is 61121663 prime?
True
Is 27057031 a composite number?
True
Is 32463337 a prime number?
True
Is 1427627 a composite number?
False
Is 915911 a prime number?
True
Is 42272561 a prime number?
False
Is 31953686 composite?
True
Is 31421783 a prime number?
True
Is 32133623 prime?
False
Is 122046539 a composite number?
False
Is 1952329 a composite number?
True
Is 77638309 composite?
True
Is 214747 prime?
False
Is 128209 a prime number?
False
Is 7172851 a composite number?
True
Is 194301361 a composite number?
False
Is 237841603 composite?
False
Is 96550913 a prime number?
False
Is 7797947 prime?
False
Is 11788513 a composite number?
True
Is 5388809 a prime number?
False
Is 23150695 composite?
True
Is 4012751 a prime number?
False
Is 21896201 a prime number?
True
Is 121593383 composite?
False
Is 2051243 prime?
False
Is 31236542 a prime number?
False
Is 18229751 a composite number?
False
Is 1883773 a prime number?
True
Is 43166231 prime?
True
Is 6028201 composite?
True
Is 594578 prime?
False
Is 987659 prime?
True
Is 22186019 composite?
False
Is 398957 a prime number?
False
Is 424314749 prime?
True
Is 56804819 a prime number?
True
Is 4357651 a composite number?
False
Is 133291381 prime?
True
Is 53557897 composite?
False
Is 468053935 a composite number?
True
Is 20477669 composite?
True
Is 756961 prime?
True
Is 8669159 a composite number?
False
Is 87661919 a prime number?
True
Is 200756357 prime?
False
Is 49670431 a composite number?
True
Is 56380069 a composite number?
True
Is 26272391 prime?
True
Is 47848193 a composite number?
False
Is 645179 composite?
False
Is 33156371 a composite number?
False
Is 11693833 composite?
False
Is 112234103 composite?
False
Is 235284659 a prime number?
True
Is 1690779 prime?
False
Is 1498031 a prime number?
False
Is 1278677 prime?
False
Is 7562899 a composite number?
True
Is 732329 composite?
True
Is 494398747 composite?
True
Is 129169 a composite number?
False
Is 25124041 a composite number?
False
Is 19332089 a composite number?
True
Is 18527239 a composite number?
True
Is 194035333 a composite number?
False
Is 10254581 composite?
False
Is 3542657 a prime number?
True
Is 800762971 a composite number?
True
Is 4788257 prime?
True
Is 188011851 a composite number?
True
Is 30745691 a prime number?
True
Is 562201 a composite number?
False
Is 243587189 prime?
True
Is 57308441 a prime number?
True
Is 633315281 a composite number?
True
Is 27796679 a composite number?
False
Is 26132209 prime?
False
Is 506232847 a prime number?
True
Is 8958661 a composite number?
True
Is 2857237 a composite number?
False
Is 28569377 a prime number?
True
Is 41399557 a prime number?
False
Is 16597153 a prime number?
True
Is 70257961 composite?
False
Is 270247 a composite number?
True
Is 336407827 a composite number?
True
Is 2041159 composite?
False
Is 65424523 a prime number?
False
Is 993349 a composite number?
True
Is 1658539 prime?
False
Is 166302407 prime?
False
Is 33493387 a prime number?
True
Is 9650513 a prime number?
True
Is 266934959 a composite number?
False
Is 54952151 a composite number?
True
Is 16158117 a prime number?
False
Is 3591719 composite?
False
Is 4231999 a prime number?
False
Is 45547513 composite?
True
Is 417847 prime?
False
Is 16703689 prime?
True
Is 279443 composite?
False
Is 738333151 prime?
True
Is 4683271 a composite number?
False
Is 4905253 a prime number?
True
Is 2637301 a prime number?
True
Is 475889 a composite number